base 10) in base 7?
3456013
What is 1211051 (base 7) in base 9?
254268
What is -1210022011012 (base 3) in base 14?
-1aa693
What is -10020222021022 (base 3) in base 5?
-420402242
Convert -5eeb6 (base 16) to base 2.
-1011110111010110110
Convert b136e (base 15) to base 11.
353567
What is -17551a2 (base 11) in base 3?
-12121100102202
-8c40f (base 16) to base 2
-10001100010000001111
What is 123222300 (base 4) in base 5?
12111303
Convert 1b37a (base 12) to base 7.
225256
-221124144 (base 5) to base 9
-1720168
Convert 10526481 (base 9) to base 14.
969279
What is 10030133020 (base 4) in base 9?
2055471
1010001010110100010100 (base 2) to base 16
28ad14
What is -117095 (base 10) in base 12?
-5791b
Convert -6137261 (base 9) to base 16.
-31effa
What is -156112101 (base 7) in base 6?
-1015212430
Convert -10442014 (base 5) to base 11.
-64185
What is -244803 (base 11) in base 7?
-3201111
Convert 21101222101 (base 3) to base 9.
241871
What is 4222 (base 15) in base 7?
55523
What is 2300143 (base 6) in base 2?
11100011111011111
What is 23a6 (base 12) in base 6?
30330
1223324440 (base 5) to base 7
34030632
2435115 (base 9) to base 10
1322501
-4cc2c (base 15) to base 7
-2042310
Convert 201012220022 (base 3) to base 5.
44101103
What is -11151200 (base 6) in base 7?
-2620365
What is 10212c (base 16) in base 12?
42b890
-1173366 (base 8) to base 2
-1001111011011110110
Convert -1964ec (base 15) to base 9.
-2283876
What is -1001223021 (base 4) in base 11?
-174117
Convert -110222231 (base 4) to base 14.
-22bc9
Convert -41a197 (base 13) to base 10.
-1535996
Convert -1010011011001001010010 (base 2) to base 9.
-5124411
Convert -102002311020 (base 4) to base 10.
-4730184
What is -813b60 (base 12) in base 13?
-558828
What is 215885 (base 10) in base 2?
110100101101001101
-100000010010110001000000 (base 2) to base 5
-4131343342
What is 3a5a23 (base 11) in base 4?
2123220031
What is 1404154 (base 7) in base 16?
2d7e1
-23141623 (base 7) to base 8
-7567132
-90666 (base 10) to base 3
-11121101000
What is a1fe1d (base 16) in base 7?
156144312
Convert 30373 (base 9) to base 13.
913b
What is 130513550 (base 6) in base 14?
4a917c
What is 21257670 (base 8) in base 3?
22112222121110
What is -10111101101001001 (base 2) in base 9?
-157165
What is 2a21a (base 16) in base 6?
3410534
Convert -101102020112 (base 3) to base 12.
-9a795
What is 2131243 (base 6) in base 4?
121231023
What is 5aebc (base 15) in base 10?
290202
What is 22121001 (base 4) in base 5?
2330221
528a6b (base 12) to base 14
25c191
Convert -1001002200201012 (base 3) to base 10.
-14933354
Convert 102100012210 (base 3) to base 2.
110110011111111110
What is 2002324 (base 5) in base 9?
47288
Convert -10173571 (base 8) to base 16.
-20f779
Convert -132024 (base 7) to base 11.
-17628
Convert 2a5293 (base 15) to base 8.
7625137
What is -242434 (base 10) in base 5?
-30224214
What is -111001110111000101111000 (base 2) in base 7?
-242632115
Convert -206640 (base 8) to base 4.
-100312200
What is -4166310 (base 7) in base 6?
-14445233
Convert 1891881 (base 10) to base 8.
7157051
What is -14204411 (base 5) in base 2?
-100100000000011001
What is 21543405 (base 6) in base 3?
1020002112112
What is 1226954 (base 12) in base 14?
680d20
What is 10010001101 (base 2) in base 13?
6b8
What is 13f649 (base 16) in base 3?
2110110120002
What is 2330334 (base 9) in base 10?
1259986
Convert 126888 (base 10) to base 3.
20110001120
110001011000111000100 (base 2) to base 16
18b1c4
1115174 (base 9) to base 5
123211334
595371 (base 16) to base 11
3339278
13a670 (base 11) to base 15
44dac
120423145 (base 6) to base 8
10531151
40ae36 (base 16) to base 9
7870611
Convert 1435504 (base 8) to base 10.
408388
Convert -122222002122001 (base 3) to base 11.
-5431758
What is -10612b (base 15) in base 5?
-144424031
59574 (base 16) to base 4
1121111310
-21104d (base 14) to base 8
-4205315
-100011000001101110100 (base 2) to base 4
-10120031310
-1673074 (base 8) to base 14
-ca300
What is 14834 (base 15) in base 13?
2404c
Convert -1000010101101110100001 (base 2) to base 11.
-1263535
Convert 1500731 (base 10) to base 11.
935581
What is -2323100 (base 7) in base 6?
-10125555
Convert -96577 (base 11) to base 16.
-2249c
What is 123511232 (base 6) in base 3?
11112221112102
Convert 1145166 (base 8) to base 16.
4ca76
What is 35311 (base 7) in base 9?
13401
Convert 10033102103 (base 4) to base 13.
2cba0c
What is 556220 (base 10) in base 14?
1069c0
11100101111100111 (base 2) to base 12
58173
-3302111 (base 8) to base 11
-5555a3
Convert 137367 (base 9) to base 7.
500206
384135 (base 14) to base 4
13113223303
Convert 49c641 (base 13) to base 11.
aa9625
Convert 1333110103 (base 4) to base 9.
874314
Convert 259234 (base 14) to base 7.
13663164
2211304 (base 5) to base 10
38329
What is 1102102221111 (base 3) in base 7?
6301003
Convert -20022003213 (base 4) to base 12.
-871573
What is a1a081 (base 15) in base 7?
122156362
Convert -40076 (base 12) to base 5.
-10124114
-580703 (base 9) to base 7
-2650314
-1156042 (base 11) to base 9
-3708430
-56608 (base 11) to base 2
-10100000000000101
4a114b (base 12) to base 4
10212012023
What is 11221000102220 (base 3) in base 13?
70890c
Convert -14452334 (base 7) to base 6.
-45242102
-1667437 (base 9) to base 8
-3431402
What is 57825 (base 13) in base 11?
a9981
Convert 18074 (base 10) to base 4.
10122122
49a785 (base 11) to base 8
3007317
What is -8575616 (base 9) in base 10?
-4596846
-11306424 (base 9) to base 3
-101100020110211
1010276 (base 8) to base 6
5413250
111101001110101111111100 (base 2) to base 10
16051196
What is -1070ad (base 14) in base 6?
-15535321
Convert 11331223122 (base 4) to base 13.
429780
-125ba66 (base 13) to base 5
-2432110031
What is 2210001002 (base 3) in base 14?
15d16
What is 9994b (base 12) in base 11?
129a09
-230544010 (base 6) to base 9
-7877566
What is -3507045 (base 9) in base 3?
-10120021001112
204110123 (base 5) to base 16
ceeb2
1490db8 (base 14) to base 6
554543514
Convert 11077325 (base 8) to base 3.
11111111212220
-10000101000110001101111 (base 2) to base 10
-4361327
What is -4002334 (base 5) in base 11?
-43241
What is 32340551 (base 6) in base 11?
5a7713
Convert -1627946 (base 10) to base 16.
-18d72a
What is -149d58 (base 16) in base 6?
-44542344
-1314515 (base 6) to base 2
-10001101010001111
Convert 1422152 (base 6) to base 11.
55822
-48a05a (base 12) to base 7
-13006024
1261305 (base 8) to base 6
11322033
What is 2003121103 (base 4) in base 6?
15311351
What is 39410 (base 11) in base 7?
323265
Convert -243425044 (base 6) to base 4.
-101300022310
What is -35a97c (base 13) in base 5?
-311432103
What is -1113220100 (base 4) in base 7?
-3023303
5058386 (base 10) to base 12
183b382
What is -68890c (base 15) in base 2?
-10011000010010101001111
What is -3623030 (base 8) in base 15?
-149262
What is -32513 (base 10) in base 8?
-77401
Convert -11212133 (base 4) to base 16.
-599f
-1010424524 (base 6) to base 5
-10130024023
-1000011111110100001000 (base 2) to base 7
-24635031
What is -111000221211 (base 3) in base 6?
-5255504
Convert -20265 (base 7) to base 4.
-1031103
Convert -3e6668 (base 15) to base 14.
-5845c1
What is 351340151 (base 6) in base 3?
110020221012111
-26847a1 (base 11) to base 12
-167505a
What is 33324214 (base 5) in base 7?
2325402
Convert -43124352 (base 7) to base 4.
-32000010030
What is -78154 (base 9) in base 3?
-2122011211
Convert 275891 (base 10) to base 6.
5525135
What is 104512220 (base 7) in base 11?
3629317
What is 1478688 (base 12) in base 14?
79b2c0
Convert -62035 (base 14) to base 5.
-30023111
-21301030 (base 4) to base 7
-224440
What is -1ab320 (base 15) in base 7?
-14036106
100001111100010110001 (base 2) to base 6
35501133
222120023 (base 4) to base 10
173579
-110111011000101100100 (base 2) to base 4
-12323011210
-10100110011111000111 (base 2) to base 12
-28a773
Convert -3713 (base 16) to base 3.
-201100012
Convert 132000000320 (base 4) to base 5.
4003130001
What is 31220103111 (base 4) in base 12?
1243819
-262c7 (base 14) to base 10
-93863
What is -614460 (base 9) in base 2?
-1011000111001110101
What is -1598c (base 13) in base 3?
-2002111022
What is 9721aa (base 11) in base 15?
20aa69
Convert -1444020 (base 6) to base 9.
-136873
What is -31045511 (base 6) in base 7?
-10406152
Conver